{"id":25,"date":"2012-01-07T10:41:47","date_gmt":"2012-01-07T10:41:47","guid":{"rendered":"http:\/\/www.archib.net\/?page_id=25"},"modified":"2013-02-15T17:21:30","modified_gmt":"2013-02-15T17:21:30","slug":"pagetest4-1-1","status":"publish","type":"page","link":"https:\/\/www.archib.net\/?page_id=25","title":{"rendered":"PUBLIC"},"content":{"rendered":"<p>La commande publique demande administrativement un gros travail, cependant, ces projets sont int\u00e9ressants \u00e0 faire \u00e9tant donn\u00e9 la complexit\u00e9 entre fonction et esth\u00e9tique, le projet doit \u00eatre adapt\u00e9 tant \u00e0 l&rsquo;utilisation qu&rsquo;aux go\u00fbts des utilisateurs.<\/p>\n<p><a title=\"CRECHE N.\" href=\"http:\/\/www.archib.net\/?p=118\">CRECHE N.<\/a><\/p>\n<p><a title=\"LOCAL COMMERCIAL V.\" href=\"http:\/\/www.archib.net\/?p=124\">LOCAL COMMERCIAL V.<\/a><\/p>\n<p><a title=\"SANITAIRES SCOLAIRES\" href=\"http:\/\/www.archib.net\/?p=467\" target=\"_blank\">SANITAIRES SCOLAIRES<\/a><\/p>\n<p>&nbsp;<\/p>\n<p>&nbsp;<\/p>\n","protected":false},"excerpt":{"rendered":"<p>La commande publique demande administrativement un gros travail, cependant, ces projets sont int\u00e9ressants \u00e0 faire \u00e9tant donn\u00e9 la complexit\u00e9 entre fonction et esth\u00e9tique, le projet doit \u00eatre adapt\u00e9 tant \u00e0 l&rsquo;utilisation qu&rsquo;aux go\u00fbts des utilisateurs. CRECHE N. LOCAL COMMERCIAL V. SANITAIRES SCOLAIRES &nbsp; &nbsp;<\/p>\n","protected":false},"author":1,"featured_media":0,"parent":6,"menu_order":0,"comment_status":"closed","ping_status":"closed","template":"","meta":{"footnotes":""},"class_list":["post-25","page","type-page","status-publish","hentry"],"_links":{"self":[{"href":"https:\/\/www.archib.net\/index.php?rest_route=\/wp\/v2\/pages\/25","targetHints":{"allow":["GET"]}}],"collection":[{"href":"https:\/\/www.archib.net\/index.php?rest_route=\/wp\/v2\/pages"}],"about":[{"href":"https:\/\/www.archib.net\/index.php?rest_route=\/wp\/v2\/types\/page"}],"author":[{"embeddable":true,"href":"https:\/\/www.archib.net\/index.php?rest_route=\/wp\/v2\/users\/1"}],"replies":[{"embeddable":true,"href":"https:\/\/www.archib.net\/index.php?rest_route=%2Fwp%2Fv2%2Fcomments&post=25"}],"version-history":[{"count":6,"href":"https:\/\/www.archib.net\/index.php?rest_route=\/wp\/v2\/pages\/25\/revisions"}],"predecessor-version":[{"id":261,"href":"https:\/\/www.archib.net\/index.php?rest_route=\/wp\/v2\/pages\/25\/revisions\/261"}],"up":[{"embeddable":true,"href":"https:\/\/www.archib.net\/index.php?rest_route=\/wp\/v2\/pages\/6"}],"wp:attachment":[{"href":"https:\/\/www.archib.net\/index.php?rest_route=%2Fwp%2Fv2%2Fmedia&parent=25"}],"curies":[{"name":"wp","href":"https:\/\/api.w.org\/{rel}","templated":true}]}}