{"id":27,"date":"2012-01-07T10:42:05","date_gmt":"2012-01-07T10:42:05","guid":{"rendered":"http:\/\/www.archib.net\/?page_id=27"},"modified":"2012-01-08T16:46:20","modified_gmt":"2012-01-08T16:46:20","slug":"pagetest4-1-2","status":"publish","type":"page","link":"https:\/\/www.archib.net\/?page_id=27","title":{"rendered":"MAISONS"},"content":{"rendered":"<p>L&rsquo;architecte n&rsquo;est pas souvent contact\u00e9 pour la cr\u00e9ation et la construction d&rsquo;habitations, mais quand nous le sommes ces constructions doivent s&rsquo;adapter aux souhaits du Ma\u00eetre d&rsquo;Ouvrage, \u00e0 son budget, au site, et aux r\u00e8glementations pr\u00e9sentes sur le site.<\/p>\n<p>Parfois notre r\u00f4le se limite \u00e0 la conception et au permis de construire:<\/p>\n<p><a title=\"MAISONS SUR L\u2019ILE DE RE\" href=\"http:\/\/www.archib.net\/?p=200\">MAISONS SUR L&rsquo;ILE DE RE<\/a><\/p>\n<p><a title=\"MAISON P.G.\" href=\"http:\/\/www.archib.net\/?p=226\">MAISON P.G.<\/a><\/p>\n<p>mais nous pouvons aussi suivre les missions dans leur ensemble, de A \u00e0 Z;<\/p>\n<p><a title=\"MAISON M.G.\" href=\"http:\/\/www.archib.net\/?p=69\">MAISON M.G.<\/a><\/p>\n<p><a title=\"MAISON D.P.\" href=\"http:\/\/www.archib.net\/?p=106\">MAISON D.P.<\/a><\/p>\n<p>et parfois nos projets ne verrons jamais le jour:<\/p>\n<p><a title=\"MAISON S. L&amp;M.\" href=\"http:\/\/www.archib.net\/?p=83\">MAISON S. L&amp;M.<\/a><\/p>\n","protected":false},"excerpt":{"rendered":"<p>L&rsquo;architecte n&rsquo;est pas souvent contact\u00e9 pour la cr\u00e9ation et la construction d&rsquo;habitations, mais quand nous le sommes ces constructions doivent s&rsquo;adapter aux souhaits du Ma\u00eetre d&rsquo;Ouvrage, \u00e0 son budget, au site, et aux r\u00e8glementations pr\u00e9sentes sur le site. Parfois notre r\u00f4le se limite \u00e0 la conception et au permis de construire: MAISONS SUR L&rsquo;ILE DE &hellip; <a href=\"https:\/\/www.archib.net\/?page_id=27\" class=\"more-link\">Continuer la lecture de <span class=\"screen-reader-text\">MAISONS<\/span>  <span class=\"meta-nav\">&rarr;<\/span><\/a><\/p>\n","protected":false},"author":1,"featured_media":0,"parent":6,"menu_order":0,"comment_status":"closed","ping_status":"closed","template":"","meta":{"footnotes":""},"class_list":["post-27","page","type-page","status-publish","hentry"],"_links":{"self":[{"href":"https:\/\/www.archib.net\/index.php?rest_route=\/wp\/v2\/pages\/27","targetHints":{"allow":["GET"]}}],"collection":[{"href":"https:\/\/www.archib.net\/index.php?rest_route=\/wp\/v2\/pages"}],"about":[{"href":"https:\/\/www.archib.net\/index.php?rest_route=\/wp\/v2\/types\/page"}],"author":[{"embeddable":true,"href":"https:\/\/www.archib.net\/index.php?rest_route=\/wp\/v2\/users\/1"}],"replies":[{"embeddable":true,"href":"https:\/\/www.archib.net\/index.php?rest_route=%2Fwp%2Fv2%2Fcomments&post=27"}],"version-history":[{"count":3,"href":"https:\/\/www.archib.net\/index.php?rest_route=\/wp\/v2\/pages\/27\/revisions"}],"predecessor-version":[{"id":265,"href":"https:\/\/www.archib.net\/index.php?rest_route=\/wp\/v2\/pages\/27\/revisions\/265"}],"up":[{"embeddable":true,"href":"https:\/\/www.archib.net\/index.php?rest_route=\/wp\/v2\/pages\/6"}],"wp:attachment":[{"href":"https:\/\/www.archib.net\/index.php?rest_route=%2Fwp%2Fv2%2Fmedia&parent=27"}],"curies":[{"name":"wp","href":"https:\/\/api.w.org\/{rel}","templated":true}]}}