{"id":4,"date":"2012-01-07T10:36:53","date_gmt":"2012-01-07T10:36:53","guid":{"rendered":"http:\/\/www.archib.net\/?page_id=4"},"modified":"2025-10-07T16:00:37","modified_gmt":"2025-10-07T16:00:37","slug":"pagetest1","status":"publish","type":"page","link":"https:\/\/www.archib.net\/","title":{"rendered":"ACCUEIL"},"content":{"rendered":"\n<p><\/p>\n\n\n\n<p>ARCHI B a d\u00e9m\u00e9nag\u00e9 en NORD VENDEE<\/p>\n\n\n<p>Bienvenue sur ce site, et bonne balade&#8230;&#8230;<\/p>\n<p><a title=\"LES NEWS\" href=\"http:\/\/www.archib.net\/?page_id=7\">LES NEWS<\/a><\/p>\n<p><a href=\"http:\/\/www.archib.net\/wp-content\/uploads\/2025\/10\/IMG_6464-scaled.jpg\"><img loading=\"lazy\" decoding=\"async\" class=\"alignleft wp-image-1292 size-large\" src=\"http:\/\/www.archib.net\/wp-content\/uploads\/2025\/10\/IMG_6464-1024x768.jpg\" alt=\"\" width=\"474\" height=\"356\" srcset=\"https:\/\/www.archib.net\/wp-content\/uploads\/2025\/10\/IMG_6464-1024x768.jpg 1024w, https:\/\/www.archib.net\/wp-content\/uploads\/2025\/10\/IMG_6464-300x225.jpg 300w, https:\/\/www.archib.net\/wp-content\/uploads\/2025\/10\/IMG_6464-768x576.jpg 768w, https:\/\/www.archib.net\/wp-content\/uploads\/2025\/10\/IMG_6464-1536x1152.jpg 1536w, https:\/\/www.archib.net\/wp-content\/uploads\/2025\/10\/IMG_6464-2048x1536.jpg 2048w\" sizes=\"auto, (max-width: 474px) 100vw, 474px\" \/><\/a><\/p>\n<p class=\"alignnone\"><a title=\"ARCHITECTURE\" href=\"http:\/\/www.archib.net\/?page_id=6\">ARCHITECTURE<\/a><\/p>\n<figure id=\"attachment_1285\" aria-describedby=\"caption-attachment-1285\" style=\"width: 474px\" class=\"wp-caption alignleft\"><a href=\"http:\/\/www.archib.net\/wp-content\/uploads\/2025\/10\/IMG_6342-scaled.jpg\"><img loading=\"lazy\" decoding=\"async\" class=\"wp-image-1285 size-large\" src=\"http:\/\/www.archib.net\/wp-content\/uploads\/2025\/10\/IMG_6342-1024x768.jpg\" alt=\"\" width=\"474\" height=\"356\" srcset=\"https:\/\/www.archib.net\/wp-content\/uploads\/2025\/10\/IMG_6342-1024x768.jpg 1024w, https:\/\/www.archib.net\/wp-content\/uploads\/2025\/10\/IMG_6342-300x225.jpg 300w, https:\/\/www.archib.net\/wp-content\/uploads\/2025\/10\/IMG_6342-768x576.jpg 768w, https:\/\/www.archib.net\/wp-content\/uploads\/2025\/10\/IMG_6342-1536x1152.jpg 1536w, https:\/\/www.archib.net\/wp-content\/uploads\/2025\/10\/IMG_6342-2048x1536.jpg 2048w\" sizes=\"auto, (max-width: 474px) 100vw, 474px\" \/><\/a><figcaption id=\"caption-attachment-1285\" class=\"wp-caption-text\">La nouvelle fa\u00e7ade, avec le nom et le logo et les panneaux solaires au dessus<\/figcaption><\/figure>\n<p class=\"alignnone\"><a title=\"VOYAGES\" href=\"http:\/\/www.archib.net\/?page_id=9\">VOYAGES<\/a><\/p>\n<p><a href=\"http:\/\/www.archib.net\/wp-content\/uploads\/2025\/10\/IMG_5387-scaled.jpg\"><img loading=\"lazy\" decoding=\"async\" class=\"alignleft wp-image-1298 size-large\" title=\"MVC00562\" src=\"http:\/\/www.archib.net\/wp-content\/uploads\/2025\/10\/IMG_5387-1024x768.jpg\" alt=\"\" width=\"474\" height=\"356\" srcset=\"https:\/\/www.archib.net\/wp-content\/uploads\/2025\/10\/IMG_5387-1024x768.jpg 1024w, https:\/\/www.archib.net\/wp-content\/uploads\/2025\/10\/IMG_5387-300x225.jpg 300w, https:\/\/www.archib.net\/wp-content\/uploads\/2025\/10\/IMG_5387-768x576.jpg 768w, https:\/\/www.archib.net\/wp-content\/uploads\/2025\/10\/IMG_5387-1536x1152.jpg 1536w, https:\/\/www.archib.net\/wp-content\/uploads\/2025\/10\/IMG_5387-2048x1536.jpg 2048w\" sizes=\"auto, (max-width: 474px) 100vw, 474px\" \/><\/a><\/p>\n<p><a title=\"CONTACT\" href=\"http:\/\/www.archib.net\/?page_id=11\">CONTACT<\/a><\/p>","protected":false},"excerpt":{"rendered":"<p>ARCHI B a d\u00e9m\u00e9nag\u00e9 en NORD VENDEE Bienvenue sur ce site, et bonne balade&#8230;&#8230; LES NEWS ARCHITECTURE VOYAGES CONTACT<\/p>\n","protected":false},"author":1,"featured_media":1300,"parent":0,"menu_order":0,"comment_status":"closed","ping_status":"closed","template":"","meta":{"footnotes":""},"class_list":["post-4","page","type-page","status-publish","has-post-thumbnail","hentry"],"_links":{"self":[{"href":"https:\/\/www.archib.net\/index.php?rest_route=\/wp\/v2\/pages\/4","targetHints":{"allow":["GET"]}}],"collection":[{"href":"https:\/\/www.archib.net\/index.php?rest_route=\/wp\/v2\/pages"}],"about":[{"href":"https:\/\/www.archib.net\/index.php?rest_route=\/wp\/v2\/types\/page"}],"author":[{"embeddable":true,"href":"https:\/\/www.archib.net\/index.php?rest_route=\/wp\/v2\/users\/1"}],"replies":[{"embeddable":true,"href":"https:\/\/www.archib.net\/index.php?rest_route=%2Fwp%2Fv2%2Fcomments&post=4"}],"version-history":[{"count":24,"href":"https:\/\/www.archib.net\/index.php?rest_route=\/wp\/v2\/pages\/4\/revisions"}],"predecessor-version":[{"id":1327,"href":"https:\/\/www.archib.net\/index.php?rest_route=\/wp\/v2\/pages\/4\/revisions\/1327"}],"wp:featuredmedia":[{"embeddable":true,"href":"https:\/\/www.archib.net\/index.php?rest_route=\/wp\/v2\/media\/1300"}],"wp:attachment":[{"href":"https:\/\/www.archib.net\/index.php?rest_route=%2Fwp%2Fv2%2Fmedia&parent=4"}],"curies":[{"name":"wp","href":"https:\/\/api.w.org\/{rel}","templated":true}]}}

<p></p>



<p>ARCHI B a déménagé en NORD VENDEE</p>


<p>Bienvenue sur ce site, et bonne balade&#8230;&#8230;</p>
<p><a title="LES NEWS" href="http://www.archib.net/?page_id=7">LES NEWS</a></p>
<p><a href="http://www.archib.net/wp-content/uploads/2025/10/IMG_6464-scaled.jpg"><img loading="lazy" decoding="async" class="alignleft wp-image-1292 size-large" src="http://www.archib.net/wp-content/uploads/2025/10/IMG_6464-1024x768.jpg" alt="" width="474" height="356" srcset="https://www.archib.net/wp-content/uploads/2025/10/IMG_6464-1024x768.jpg 1024w, https://www.archib.net/wp-content/uploads/2025/10/IMG_6464-300x225.jpg 300w, https://www.archib.net/wp-content/uploads/2025/10/IMG_6464-768x576.jpg 768w, https://www.archib.net/wp-content/uploads/2025/10/IMG_6464-1536x1152.jpg 1536w, https://www.archib.net/wp-content/uploads/2025/10/IMG_6464-2048x1536.jpg 2048w" sizes="auto, (max-width: 474px) 100vw, 474px" /></a></p>
<p class="alignnone"><a title="ARCHITECTURE" href="http://www.archib.net/?page_id=6">ARCHITECTURE</a></p>
<figure id="attachment_1285" aria-describedby="caption-attachment-1285" style="width: 474px" class="wp-caption alignleft"><a href="http://www.archib.net/wp-content/uploads/2025/10/IMG_6342-scaled.jpg"><img loading="lazy" decoding="async" class="wp-image-1285 size-large" src="http://www.archib.net/wp-content/uploads/2025/10/IMG_6342-1024x768.jpg" alt="" width="474" height="356" srcset="https://www.archib.net/wp-content/uploads/2025/10/IMG_6342-1024x768.jpg 1024w, https://www.archib.net/wp-content/uploads/2025/10/IMG_6342-300x225.jpg 300w, https://www.archib.net/wp-content/uploads/2025/10/IMG_6342-768x576.jpg 768w, https://www.archib.net/wp-content/uploads/2025/10/IMG_6342-1536x1152.jpg 1536w, https://www.archib.net/wp-content/uploads/2025/10/IMG_6342-2048x1536.jpg 2048w" sizes="auto, (max-width: 474px) 100vw, 474px" /></a><figcaption id="caption-attachment-1285" class="wp-caption-text">La nouvelle façade, avec le nom et le logo et les panneaux solaires au dessus</figcaption></figure>
<p class="alignnone"><a title="VOYAGES" href="http://www.archib.net/?page_id=9">VOYAGES</a></p>
<p><a href="http://www.archib.net/wp-content/uploads/2025/10/IMG_5387-scaled.jpg"><img loading="lazy" decoding="async" class="alignleft wp-image-1298 size-large" title="MVC00562" src="http://www.archib.net/wp-content/uploads/2025/10/IMG_5387-1024x768.jpg" alt="" width="474" height="356" srcset="https://www.archib.net/wp-content/uploads/2025/10/IMG_5387-1024x768.jpg 1024w, https://www.archib.net/wp-content/uploads/2025/10/IMG_5387-300x225.jpg 300w, https://www.archib.net/wp-content/uploads/2025/10/IMG_5387-768x576.jpg 768w, https://www.archib.net/wp-content/uploads/2025/10/IMG_5387-1536x1152.jpg 1536w, https://www.archib.net/wp-content/uploads/2025/10/IMG_5387-2048x1536.jpg 2048w" sizes="auto, (max-width: 474px) 100vw, 474px" /></a></p>
<p><a title="CONTACT" href="http://www.archib.net/?page_id=11">CONTACT</a></p>

<p>ARCHI B a déménagé en NORD VENDEE Bienvenue sur ce site, et bonne balade&#8230;&#8230; LES NEWS ARCHITECTURE VOYAGES CONTACT</p>
