{"id":9,"date":"2012-01-07T10:37:49","date_gmt":"2012-01-07T10:37:49","guid":{"rendered":"http:\/\/www.archib.net\/?page_id=9"},"modified":"2012-04-25T09:30:44","modified_gmt":"2012-04-25T09:30:44","slug":"pagetest3","status":"publish","type":"page","link":"https:\/\/www.archib.net\/?page_id=9","title":{"rendered":"VOYAGES"},"content":{"rendered":"<p>Voici quelques images des voyages r\u00e9alis\u00e9s soit pendant les \u00e9tudes, soit pour des formations professionnelles, soit simplement \u00e0 titre personnel.<\/p>\n<p><a title=\"COPENHAGUE ET SES ALENTOURS\" href=\"http:\/\/www.archib.net\/?p=156\">COPENHAGUE<\/a>\/2002<\/p>\n<p><a title=\"MUSEE D\u2019ORSAY\" href=\"http:\/\/www.archib.net\/?p=215\">MUSEE D&rsquo;ORSAY<\/a>\/2003<\/p>\n<p><a title=\"BRUXELLES\" href=\"http:\/\/www.archib.net\/?p=361\">BRUXELLES<\/a>\/2012<\/p>\n","protected":false},"excerpt":{"rendered":"<p>Voici quelques images des voyages r\u00e9alis\u00e9s soit pendant les \u00e9tudes, soit pour des formations professionnelles, soit simplement \u00e0 titre personnel. COPENHAGUE\/2002 MUSEE D&rsquo;ORSAY\/2003 BRUXELLES\/2012<\/p>\n","protected":false},"author":1,"featured_media":0,"parent":0,"menu_order":0,"comment_status":"closed","ping_status":"closed","template":"","meta":{"footnotes":""},"class_list":["post-9","page","type-page","status-publish","hentry"],"_links":{"self":[{"href":"https:\/\/www.archib.net\/index.php?rest_route=\/wp\/v2\/pages\/9","targetHints":{"allow":["GET"]}}],"collection":[{"href":"https:\/\/www.archib.net\/index.php?rest_route=\/wp\/v2\/pages"}],"about":[{"href":"https:\/\/www.archib.net\/index.php?rest_route=\/wp\/v2\/types\/page"}],"author":[{"embeddable":true,"href":"https:\/\/www.archib.net\/index.php?rest_route=\/wp\/v2\/users\/1"}],"replies":[{"embeddable":true,"href":"https:\/\/www.archib.net\/index.php?rest_route=%2Fwp%2Fv2%2Fcomments&post=9"}],"version-history":[{"count":10,"href":"https:\/\/www.archib.net\/index.php?rest_route=\/wp\/v2\/pages\/9\/revisions"}],"predecessor-version":[{"id":404,"href":"https:\/\/www.archib.net\/index.php?rest_route=\/wp\/v2\/pages\/9\/revisions\/404"}],"wp:attachment":[{"href":"https:\/\/www.archib.net\/index.php?rest_route=%2Fwp%2Fv2%2Fmedia&parent=9"}],"curies":[{"name":"wp","href":"https:\/\/api.w.org\/{rel}","templated":true}]}}

<p>Voici quelques images des voyages réalisés soit pendant les études, soit pour des formations professionnelles, soit simplement à titre personnel.</p>
<p><a title="COPENHAGUE ET SES ALENTOURS" href="http://www.archib.net/?p=156">COPENHAGUE</a>/2002</p>
<p><a title="MUSEE D’ORSAY" href="http://www.archib.net/?p=215">MUSEE D&rsquo;ORSAY</a>/2003</p>
<p><a title="BRUXELLES" href="http://www.archib.net/?p=361">BRUXELLES</a>/2012</p>

<p>Voici quelques images des voyages réalisés soit pendant les études, soit pour des formations professionnelles, soit simplement à titre personnel. COPENHAGUE/2002 MUSEE D&rsquo;ORSAY/2003 BRUXELLES/2012</p>
